by 648.
153
What is the remainder when 170784 is divided by 195?
159
What is the remainder when 138665 is divided by 69301?
63
Calculate the remainder when 3170 is divided by 1540.
90
Calculate the remainder when 186419 is divided by 30.
29
Calculate the remainder when 285280 is divided by 142635.
10
What is the remainder when 27485 is divided by 257?
243
What is the remainder when 29345 is divided by 1244?
733
What is the remainder when 18028 is divided by 21?
10
Calculate the remainder when 154268 is divided by 61.
60
Calculate the remainder when 31796 is divided by 413.
408
What is the remainder when 83497 is divided by 13?
11
Calculate the remainder when 1177254 is divided by 353.
352
Calculate the remainder when 3356 is divided by 307.
286
What is the remainder when 1087 is divided by 1065?
22
What is the remainder when 38597 is divided by 1937?
1794
What is the remainder when 202918 is divided by 19?
17
What is the remainder when 5355 is divided by 256?
235
Calculate the remainder when 5470 is divided by 304.
302
What is the remainder when 11184 is divided by 58?
48
What is the remainder when 3306 is divided by 23?
17
Calculate the remainder when 572 is divided by 92.
20
Calculate the remainder when 254901 is divided by 6889.
8
What is the remainder when 284572 is divided by 3?
1
What is the remainder when 206027 is divided by 158?
153
What is the remainder when 3772 is divided by 45?
37
Calculate the remainder when 8497 is divided by 2831.
4
Calculate the remainder when 16243 is divided by 8098.
47
What is the remainder when 8733 is divided by 39?
36
What is the remainder when 64696 is divided by 23?
20
What is the remainder when 53604 is divided by 6?
0
Calculate the remainder when 2731 is divided by 1313.
105
What is the remainder when 65559 is divided by 565?
19
Calculate the remainder when 30526 is divided by 645.
211
What is the remainder when 712 is divided by 110?
52
What is the remainder when 126327 is divided by 384?
375
What is the remainder when 199852 is divided by 6?
4
What is the remainder when 8006 is divided by 138?
2
Calculate the remainder when 64369 is divided by 22.
19
What is the remainder when 17566 is divided by 8662?
242
What is the remainder when 33352 is divided by 61?
46
What is the remainder when 164 is divided by 83?
81
What is the remainder when 17057 is divided by 17051?
6
What is the remainder when 99613 is divided by 24901?
9
What is the remainder when 37386 is divided by 201?
0
What is the remainder when 26218 is divided by 134?
88
What is the remainder when 7204 is divided by 258?
238
Calculate the remainder when 2170357 is divided by 239.
237
What is the remainder when 19432 is divided by 105?
7
Calculate the remainder when 3098 is divided by 45.
38
What is the remainder when 108721 is divided by 21706?
191
What is the remainder when 114704 is divided by 457?
454
What is the remainder when 2179 is divided by 46?
17
What is the remainder when 70759 is divided by 190?
79
Calculate the remainder when 276419 is divided by 85.
84
Calculate the remainder when 1816 is divided by 34.
14
Calculate the remainder when 3338 is divided by 869.
731
Calculate the remainder when 1135211 is divided by 9305.
1
Calculate the remainder when 2477 is divided by 80.
77
Calculate the remainder when 17830 is divided by 17818.
12
Calculate the remainder when 570524 is divided by 39.
32
Calculate the remainder when 309617 is divided by 149.
144
Calculate the remainder when 24872 is divided by 5.
2
Calculate the remainder when 76879 is divided by 10.
9
Calculate the remainder when 5135 is divided by 364.
39
Calculate the remainder when 605 is divided by 89.
71
Calculate the remainder when 45862 is divided by 1637.
26
Calculate the remainder when 1439 is divided by 1433.
6
Calculate the remainder when 704159 is divided by 10833.
14
Calculate the remainder when 7549 is divided by 469.
45
What is the remainder when 1522 is divided by 510?
502
Calculate the remainder when 7324 is divided by 2241.
601
What is the remainder when 26763 is divided by 53?
51
Calculate the remainder when 507 is divided by 469.
38
What is the remainder when 19280 is divided by 837?
29
Calculate the remainder when 50636 is divided by 2808.
92
What is the remainder when 746519 is divided by 82?
73
What is the remainder when 9535 is divided by 2380?
15
Calculate the remainder when 375 is divided by 52.
11
What is the remainder when 11960 is divided by 3970?
50
What is the remainder when 1837 is divided by 38?
13
Calculate the remainder when 182575 is divided by 44.
19
What is the remainder when 1554117 is divided by 36?
33
What is the remainder when 183960 is divided by 437?
420
What is the remainder when 42539 is divided by 3034?
63
What is the remainder when 10123 is divided by 58?
31
Calculate the remainder when 4613 is divided by 1705.
1203
What is the remainder when 473984 is divided by 358?
350
What is the remainder when 820079 is divided by 240?
239
Calculate the remainder when 66022 is divided by 25.
22
Calculate the remainder when 136409 is divided by 784.
777
What is the remainder when 18268 is divided by 936?
484
What is the remainder when 1680 is divided by 722?
236
What is the remainder when 558570 is divided by 216?
210
Calculate the remainder when 3980 is divided by 3938.
42
What is the remainder when 4913 is divided by 154?
139
What is the remainder when 9240 is divided by 258?
210
What is the remainder when 22806 is divided by 1200?
6
Calculate the remainder when 163335 is divided by 25.
10
What is the remainder when 88998 is divided by 61?
60
Calculate the remainder when 17288 is divided by 5761.
5
What is the remainder when 14951 is divided by 3712?
103
Calculate the remainder when 1068 is divided by 395.
278
What is the remainder when 1027 is divided by 147?
145
Calculate the remainder when 5975 is divided by 35.
25
What is the remainder when 62389 is divided by 240?
229
What is the remainder when 12154 is divided by 784?
394
What is the remainder when 100081 is divided by 3228?
13
What is the remainder when 70121 is divided by 79?
48
Calculate the remainder when 54531 is divided by 77.
15
Calculate the remainder when 9890 is divided by 472.
450
Calculate the remainder when 10702 is divided by 2658.
70
What is the remainder when 3243 is divided by 678?
531
What is the remainder when 3276 is divided by 2507?
769
Calculate the remainder when 88471 is divided by 202.
197
Calculate the remainder when 14639 is divided by 11.
9
Calculate the remainder when 15737 is divided by 2214.
239
Calculate the remainder when 15265634 is divided by 165.
164
What is the remainder when 9983 is divided by 269?
30
What is the remainder when 29802 is divided by 9917?
51
Calculate the remainder when 10005 is divided by 217.
23
Calculate the remainder when 18050 is divided by 153.
149
Calculate the remainder when 3520 is divided by 1731.
58
Calculate the remainder when 31639 is divided by 107.
74
What is the remainder when 71331 is divided by 71?
47
Calculate the remainder when 50034 is divided by 12508.
2
Calculate the remainder when 23361 is divided by 39.
0
Calculate the remainder when 32259 is divided by 4.
3
Calculate the remainder when 1459239 is divided by 1032.
1023
Calculate the remainder when 157463 is divided by 875.
838
What is the remainder when 5781 is divided by 486?
435
What is the remainder when 152489 is divided by 104?
25
Calculate the remainder when 4089 is divided by 255.
9
Calculate the remainder when 43443 is divided by 14403.
234
What is the remainder when 192 is divided by 29?
18
What is the remainder when 477092 is divided by 193?
189
What is the remainder when 19866 is divided by 1045?
11
What is the remainder when 113364 is divided by 7083?
36
What is the remainder when 805877 is divided by 471?
467
Calculate the remainder when 107557 is divided by 333.
331
Calculate the remainder when 47690 is divided by 497.
475
Calculate the remainder when 3699 is divided by 1848.
3
What is the remainder when 36150 is divided by 18021?
108
What is the remainder when 6000 is divided by 1997?
9
What is the remainder when 19376 is divided by 159?
137
Calculate the remainder when 40422 is divided by 1064.
1054
Calculate the remainder when 2040 is di